f -81 + -5 + -31 + (285 - 212)?
-44
(4 - 5 - (21 - -4 - 12)) + 123
109
-21 + (71 + 1 - (50 - 33))
34
(-183 - -111) + (96 - 25)
-1
Evaluate -2 - (46 - 117 - -20).
49
What is 0 - -73 - (-1674 + 1731)?
16
What is the value of -7 - (-80 + (-8 + -1 - (-7 + -5)))?
70
Evaluate -44 + (-24 - (23 + -20)) + 16.
-55
Calculate -113 - ((9 - 51) + 115 + -85).
-101
What is the value of 93 - (-44 - -40 - -46)?
51
Evaluate (-7 - -20 - 5) + (0 - 54) + -14.
-60
Calculate (-92 - -84) + -5 + 46 + 0.
33
Evaluate (-12 - 28) + (2 + -15 - (28 - 54)).
-27
12 + (-70 - ((-35 - 1 - -16) + 12))
-50
Evaluate -19 - (12 - (-6 + 26 - -80)).
69
Evaluate 4 + 14 - -8 - (13 - -2).
11
What is -1669 - -1695 - (48 - 2)?
-20
Evaluate 117 + 81 + (-165 - -42).
75
160 + -178 - (-47 + -2)
31
What is the value of (498 + -511 - (0 + -4)) + 140?
131
Calculate (-174 - -158) + 19 + 3 + 6.
12
-14 + (9 - 5) - ((1 - 6) + 5 - -16)
-26
-96 + 22 + (16 - 0 - (76 + -62))
-72
What is the value of 159 - (4 + -11 + -5 + 5 + -7 + 15)?
158
Calculate 108 - (-98 - (-227 - -144)).
123
What is the value of 2 - ((0 + 2 - 6) + 56 + 2 - 1)?
-51
What is the value of 25 + (-9 - -23 - (-2 - (-1 + -1)))?
39
What is the value of (10 + -14 + -2 - -14) + (15 - 6 - 17)?
0
Calculate -12772 + 12679 - (1 + -193).
99
What is (-1 - -5 - (-54 - -36)) + 11?
33
Calculate (6 - 1 - 68 - (-4 + 1)) + 864 + -857.
-53
(168 - 182 - ((3 - 1) + -5)) + (-18 - -31)
2
Evaluate (-37 - (15 - (-21 - -57))) + 28.
12
What is (-31 - -29 - (2 + -5)) + 6?
7
What is the value of (19 + -3 + 5 - 3) + -138 + 2?
-118
Calculate (-412 - -396) + 2 + (31 - 1) - 102.
-86
What is the value of -12 - (-36 + 47 + (-6 - 0) + -60)?
43
-74 - (-100 - -152 - 62)
-64
22 - (9 - -67 - (2 + 4))
-48
What is the value of 86 - (-20 - 2 - (-23 - (5 + -17 - 0)))?
97
What is the value of -40 - (-126 + (-15 - -91))?
10
55 + (-15 - -43 - 51)
32
-6 + 4 + 61 + (6 - (17 - 5))
53
Evaluate -51 - -45 - (95 - 0) - (-21 + 8 + 1).
-89
What is the value of 38 + (-5 + -15 + 26 - -3 - (2 + 6))?
39
What is the value of 2 + (-40 + 22 - (2 - 16))?
-2
What is the value of 9 - (0 - 15 - (-29 - -31))?
26
Calculate 3 + 6 + -26 + (-207 - -198).
-26
Evaluate (5 - (-4 + 1)) + (-9 - (-12 + 0)) + -61.
-50
Calculate -9147 + 9237 + (1 - 10).
81
What is -33 - (-96 + -71 + 50)?
84
What is -30 - (8 - (-21 + -16))?
-75
Evaluate 11 - 59 - (-29 - 61).
42
What is 83 - (-92 + (73 - -116))?
-14
Calculate -1 - -2 - ((13 - 34) + 42).
-20
What is the value of -437 - -404 - (39 + 1) - -14?
-59
Calculate -11 + -3 + -2 - 4 - (-41 - (25 + -67)).
-21
Evaluate 91 + 6 + -124 + 1 + 24.
-2
Calculate (3 - (-3 - (7 - 7))) + (1 - (-36 + 4)).
39
What is the value of 95 - (116 - (-29 - -85))?
35
What is the value of 69 - 84 - (-8 - (-7 + 106))?
92
What is the value of (427 - 486) + -22 + -11?
-92
Calculate -1 + (1 - 6) + (-245 - (194 + -449)).
4
What is -22 - ((-6 - 7) + -1) - (-10 + -30)?
32
What is -2 + -3 + (-356 - -407)?
46
Evaluate 1293 + -1260 - (2 + -5 - (-1 - 1)).
34
What is the value of -22 + -2 - (-57 - -7 - (-545 + 486))?
-33
What is the value of 221 + (18 - -71 - 182)?
128
Evaluate (-200 - -205) + (-3 - -62) - (0 + 10).
54
What is 9 + (-8 - -13) + 18 + -19?
13
Evaluate 9 - 2 - (124 - 164).
47
Calculate 8 - (-7 - (-15 - 4)) - (-6 + -5) - -1.
8
-60 + (-15 + 9 - -22 - 6)
-50
Calculate 2 + 1 + 0 - (3 - 38 - (75 + -100)).
13
Evaluate -40 + (43 - (-3 + 11)) - (-11 + -1).
7
(21 + -15 - 13) + (4 - (8 - (-11 + 19)))
-3
21 + (-38 - (13 + -17)) + 18
5
Evaluate (-177 - -97 - -118) + -121.
-83
(22 + -16 - -72) + (1 - 3) + -1 + -3
72
Calculate -3 - (-1 + 4 + 119 + -144).
19
Evaluate -31 + (-16 + (-14 - -27) - -23).
-11
Evaluate 16 + 5 + 159 + -92 - 24.
64
What is the value of 132 - (2 - (0 + (-8 - -3 - (5 + -8))))?
128
Calculate (21 - (1 + 34) - (-6 + -7)) + (-2 - -38).
35
Calculate -7 + -68 + 94 - (-2 + -34).
55
What is (-8 - (-20 + 19)) + -2 - -61?
52
What is the value of 32 - (-53 + 37 + 13)?
35
Evaluate 15 + 0 + -25 + 15 + -22 + -31.
-48
What is the value of -411 - -191 - (-24 - 57)?
-139
Calculate -60 + 2 - (-7 - (14 + -29 - -3)).
-63
What is the value of -61 + 191 - 71 - 42?
17
What is (102 - (-22 - -4)) + -35?
85
What is the value of 2 + 21 + -62 + 3 + 15?
-21
What is the value of -17 + 22 + -18 - -9?
-4
-4 - (3 + -17) - (-2 + -3 + 20)
-5
Calculate 12 + -40 + 20 + -18.
-26
74 - (-7 + (-14 + 19 - 29) + 19)
86
Evaluate -13 + (-14 - 22) + 19 + -12 + -18.
-60
Evaluate 6 + (16 - 8 - (42 + 8 + -5)).
-31
What is the value of -138 + (-29 + 6 - -69 - 11)?
-103
What is the value of (1 - -7 - ((29 - 54) + 27)) + -64?
-58
Evaluate 27 + (80 - (21 + 63)).
23
What is the value of 25 - (1 + -18 - (151 + -175))?
18
What is (-3 - -31) + (42 - 32)?
38
What is the value of -80 - ((3 - -2) + (-16 + 0 - -11) - -2)?
-82
What is 389 + -390 - ((12 + -7 - (0 + 99)) + 3)?
90
Calculate -1410 - -1416 - (-46 - (0 + -2) - 0).
50
What is 104 + 2 + (-11 - -56) + (124 - 175)?
100
What is the value of -4 + 1 - (36 + -30 + 1) - (-1 + 28)?
-37
Evaluate 14 + -30 + 21 + -18 + (0 - -12).
-1
Calculate (-52 - 16) + 16 - (-5 - (3 - 9)).
-53
Calculate -1 - 1 - (-4 + 63 + -54 + (-30 - 1)).
24
What is the value of -2204 - -2195 - (-2 + (-9 - -2)) - -17?
17
What is 15 + -22 - ((-12 - (-8 + 1)) + 75)?
-77
Calculate -5 + (-6 - (-17 + -4 + 9 + 2)).
-1
Calculate (51 - 2) + (-7 - -25) + 91 + -114.
44
Evaluate -2 + 7 + (17 + 4 - 25) - (61 - -15).
-75
Evaluate 11 - (-7 + 17) - (4 + (-6 - -7) + -3).
-1
What is 26 - (37 + 68 + -54)?
-25
(97 + -53 - 68) + -16 + -3 - -9
-34
Evaluate -17 + -1 - (-40 + -3 + (145 - 170)).
50
Evaluate (-38 - (-101 - (-11 + -38))) + 91.
105
Evaluate 14 + 10 + (145 - 258).
-89
14 - 5 - 2 - (2 + -8 + (3 - -43))
-33
Evaluate (2 - 0 - -10) + (2 - (52 + -71)).
33
What is the value of 25 - 40 - -37 - 11 - (-49 + 1)?
59
Calculate 5 - (67 - 50 - (-4 + 2 - -8)).
-6
Evaluate 3 + -4 + -10 + (0 + 8 - 5) + -7.
-15
What is the value of 44 + -2 + (-17 - -14) + 26?
65
What is the value of (-27 + 35 - -27) + 14 - (0 - 4)?
53
Evaluate (-28 - (-25 + -4)) + (-2 - 5).
-6
13 + (7 + -5 - 9) - 6 - (70 + 3)
-73
Calculate -41 + -1 - (-84 + (182 - 125)).
-15
What is (0 - (1 + -33)) + (82 - 183 - -100)?
31
7 + 10 + -8 + (-17 - -9 - -8) + -11
-2
What is the value of (-1 - -3) + 11 + (-7 - (56 - 2) - -9)?
-39
Calculate 52 + (19 - 21) - (7 + 5).
38
(-22 - -6 - -30 - -5) + -11 + 18
26
Calculate (24 + -23 - 17) + -1 + -13.
-30
3212 - 3216 - ((-1 - (-2 + 1)) + 69 + -3)
-70
Calculate -11 - -2 - (18 + -12 - 11) - (25 - 16).
-13
What is -6 - (-47 + (6 + 2 - (-34 - -42)))?
41
Calculate -69 - (-41 + (34 - -1)).
-63
What is 4 + -44 - (-36 - (24 + -53))?
-33
What is -86 + (1 - 1) + (-168 - 265 - -412)?
-107
-133 + (35 - -27) + -42 + (2 - -1)
-110
What is (-3 - 0) + (-46 + 33 - (-2 + 20 + -5))?
-29
What is the value of (-47 - -8) + 44 + (1 - (3 - -38)) + 2?
-33
What is the value of (7 - 8) + 16 + (-11 - 10) + 14?
8
Evaluate 1242 - 1200 - (-1 + 19).
24
What is 6 + -1 - (-1 + 106 + 17 + -27 + -1)?
-89
What is the value of (-22 - (-16 + 4 + 13)) + -35?
-58
What is the value of (-728 - -736) + (5 - (68 - 3))?
-52
Evaluate 0 + 15 + (221 - 231 - (-1 - (-2 + 91))).
95
Evaluate -67 + (71 - 134) - -64.
-66
Calculate -116 + -5 - -36 - 22 - 15.
-122
Evaluate (29 - 44) + 6 - (-1 + 22).
-30
What is 18 + (-32 - 1 - -3) + (-1 - -72)?
59
Calculate 46 + (22 - 39) + 14 + -21.
22
-6 + (-18 + (-5 - -6) - -56)
33
Calculate -27 - -31 - -11 - -5.
20
What is 36 - ((12 - -8) + -33 + 18)?
31
What is the value of (-17 + 0 - (125 - 35 - 148)) + (11 - 1)?
51
What is the value of (-19 - (-41 - -21) - (-1 + 81)) + -1?
-80
Calculate -38 + 7 + 9 - (22 - (3 + -7)).
-48
Calculate (-2 + 2 + 4 - -1) + -9.
-4
What is (-71 - -48) + 14 - (1 - -11)?
-21
Calculate 1 - 3 - (24 + -6) - (12729 + -12686).
-63
What is the value of -1 + -11 + 5 + 8 + -9 + -59?
-67
Calculate 21 + 32 + (-32 - -22) + 19.
62
Calculate 16 + (316 + -323 - ((15 - 0) + -1)).
-5
What is the value of 11 + -9 - -56 - (-12 - (-46 + 24))?
48
Calculate 3 + 6 + -117 + 113 + -6 + 12 + -10.
1
Evaluate 115 - (-5 + (5 - -22) + -8).
101
What is (154 - 183) + 3 + -78 + 5?
-99
What is -48 + 2 - (-76 - -92 - (15 - -2)) - -11?
-34
What is the value of -15 + -55 + (26 - (-5 - -16)) + -5?
-60
Calculate -5 + 61 - (8 - 17) - (-5 + (13 - -1)).
56
Evaluate -27 - (-24 - (-6 + 20)).
11